79031137721 prime?
False
Is 93381455653 a composite number?
True
Is 2204321341 a composite number?
True
Is 22280211731 composite?
True
Is 215747881 a prime number?
True
Is 55790521 a prime number?
False
Is 961841981 prime?
False
Is 4164895979 composite?
True
Is 409566173 a composite number?
True
Is 2790977971 composite?
False
Is 665852353 a prime number?
True
Is 602572253 composite?
False
Is 19846691393 composite?
False
Is 3044334271 composite?
True
Is 2864491013 a prime number?
True
Is 1164665399 prime?
True
Is 5047048057 a prime number?
True
Is 1642303849 a prime number?
False
Is 16484668523 a prime number?
True
Is 1163148421 a composite number?
True
Is 57793288397 prime?
False
Is 16794931 composite?
False
Is 383719979 composite?
False
Is 49663287277 a composite number?
False
Is 1133969537 a prime number?
True
Is 279010213 a composite number?
False
Is 137000189999 prime?
True
Is 6845374937 prime?
True
Is 60642374491 a composite number?
False
Is 12781228037 prime?
True
Is 18836858491 a composite number?
True
Is 243343373893 prime?
False
Is 489455591 prime?
False
Is 2601116519 a prime number?
True
Is 1116781469 a composite number?
False
Is 21801604603 a composite number?
False
Is 970111063 a prime number?
False
Is 729117433 composite?
True
Is 347267523 composite?
True
Is 147609989 composite?
False
Is 21886453847 a prime number?
True
Is 2021539291 prime?
True
Is 1022825833 composite?
False
Is 334659126991 a composite number?
True
Is 1046344907 composite?
True
Is 2313860609 composite?
True
Is 391185259 prime?
False
Is 53104568327 a prime number?
False
Is 502188297595 prime?
False
Is 8528281231 a composite number?
True
Is 92919703 composite?
False
Is 16547466317 a prime number?
False
Is 2083432333 a composite number?
True
Is 4386495941 a composite number?
True
Is 4763019059 a composite number?
True
Is 4671547667 prime?
False
Is 10720560661 a composite number?
False
Is 43992278677 a prime number?
True
Is 2981929721 a prime number?
True
Is 219749947 a prime number?
False
Is 15972545815 prime?
False
Is 61636193539 a composite number?
True
Is 909878831 composite?
False
Is 5492806499 composite?
False
Is 488769899 a prime number?
True
Is 1580408747 prime?
False
Is 34918380983 prime?
True
Is 11537819231 prime?
True
Is 24721271 a prime number?
True
Is 23446121959 composite?
True
Is 42564463 a prime number?
True
Is 3789975559 a composite number?
True
Is 992967751 prime?
True
Is 1723039877 prime?
False
Is 92227050739 a composite number?
False
Is 122075405 prime?
False
Is 15178840319 a composite number?
False
Is 94241237 prime?
True
Is 17453301949 a prime number?
False
Is 1368198883 prime?
False
Is 1530456377 a composite number?
False
Is 478762913 a prime number?
False
Is 1219995749 a composite number?
True
Is 393596969 prime?
True
Is 3563613953 prime?
False
Is 1415943769 a composite number?
False
Is 10686567667 a prime number?
True
Is 7935188999 composite?
False
Is 47928603 prime?
False
Is 5608774907 composite?
True
Is 1819117253 composite?
False
Is 7498316311 composite?
False
Is 133873093 prime?
True
Is 4906857817 composite?
False
Is 142421136331 prime?
True
Is 29479123651 a prime number?
False
Is 43304069801 prime?
True
Is 8396181557 a composite number?
True
Is 122818968191 a composite number?
False
Is 212065439 a prime number?
False
Is 3132742537 prime?
False
Is 5487321459 a composite number?
True
Is 2572693087 a composite number?
True
Is 2072777251 a prime number?
True
Is 3246722587 prime?
True
Is 10212774133 composite?
False
Is 2864471954 composite?
True
Is 4641133373 composite?
True
Is 202248719 prime?
True
Is 34289323373 a composite number?
False
Is 1679505845 prime?
False
Is 7834447619 a composite number?
True
Is 2008526641 prime?
False
Is 4217809537 composite?
True
Is 496119751 composite?
False
Is 2243034931 prime?
True
Is 3464309183 prime?
True
Is 78174251287 prime?
False
Is 31702028329 prime?
True
Is 7067658463 a prime number?
True
Is 204214965419 prime?
True
Is 6586847851 prime?
False
Is 16357311274 a composite number?
True
Is 16010783039 composite?
True
Is 3908344459 prime?
True
Is 10501929563 a prime number?
True
Is 381963513011 a prime number?
True
Is 19416728581 composite?
True
Is 842352087 prime?
False
Is 86454317 a prime number?
False
Is 52476571451 composite?
False
Is 7149414103 composite?
True
Is 29838001771 prime?
False
Is 6513339109 a prime number?
True
Is 15512076869 a composite number?
False
Is 17953694383 a composite number?
False
Is 2675214397 a prime number?
True
Is 4087518191 a composite number?
True
Is 1824896897 composite?
False
Is 1733180459 prime?
True
Is 47994309853 prime?
False
Is 241162049 a prime number?
False
Is 465977377 a prime number?
False
Is 89265008645 a prime number?
False
Is 684992431 a prime number?
False
Is 6736946063 prime?
False
Is 20188863173 a composite number?
False
Is 60546014863 composite?
False
Is 11822421587 prime?
True
Is 11529446619 a prime number?
False
Is 59038501 a prime number?
False
Is 11738203303 a prime number?
True
Is 60543802051 composite?
False
Is 22624101089 a prime number?
False
Is 18600971 composite?
False
Is 572508821 a composite number?
True
Is 188084359 prime?
True
Is 1307867891 prime?
False
Is 4799387609 composite?
True
Is 1188828493 a composite number?
True
Is 10177035137 a prime number?
False
Is 122268323 composite?
False
Is 5468423869 prime?
True
Is 6167033007 a prime number?
False
Is 152043791 a prime number?
False
Is 45295535933 a prime number?
False
Is 602246105 composite?
True
Is 263842861 a prime number?
False
Is 643030459 prime?
False
Is 1913870339 prime?
True
Is 9116353 a composite number?
True
Is 2358873443 composite?
True
Is 26333477789 composite?
False
Is 820866791 a composite number?
True
Is 234097013 a composite number?
True
Is 4721399237 composite?
True
Is 2111972693 composite?
False
Is 73095543847 a prime number?
True
Is 7879054285 composite?
True
Is 44531033389 composite?
False
Is 1142676439 a composite number?
True
Is 29709341693 a prime number?
False
Is 8821661678 a prime number?
False
Is 23274228457 composite?
False
Is 111715501 a prime number?
True
Is 1371492659 a prime number?
True
Is 2144213087 prime?
False
Is 853054327 prime?
True
Is 8516398511 composite?
False
Is 4872778511 a composite number?
True
Is 47581993013 a composite number?
True
Is 252296323 a prime number?
False
Is 104377817 composite?
False
Is 37635469637 prime?
False
Is 2266990693 prime?
False
Is 30616378277 a prime number?
False
Is 646947638 a prime number?
False
Is 5969153759 prime?
False
Is 1865408281 a prime number?
False
Is 14956600231 a prime number?
True
Is 2827958257 prime?
True
Is 251846219 prime?
True
Is 1499979031 a composite number?
False
Is 478781987 composite?
True
Is 79419170543 composite?
True
Is 199262459 a composite number?
True
Is 2304254627 prime?
True
Is 1098589939 a prime number?
True
Is 254624971 a prime number?
False
Is 5677987507 a prime number?
False
Is 78131700457 prime?
True
Is 15308911 composite?
False
Is 46551334343 composite?
True
Is 13926570023 prime?
True
Is 62754091303 composite?
False
Is 252811057 prime?
False
Is 9684673 composite?
True
Is 7972325135 composite?
True
Is 224262131 a prime number?
True
Is 1729309213 a composite number?
True
Is 227582321 prime?
True
Is 431020099 a prime number?
False
Is 17332784453 a composite number?
False
Is 7186415287 a composite number?
True
Is 613648373 prime?
False
Is 2219584007 a prime number?
False
Is 608906891 composite?
True
Is 57554226337 composite?
True
Is 11412260809 prime?
False
Is 227151901 composite?
False
Is 754857218 composite?
True
Is 37578996047 a composite number?
True
Is 28278759217 a composite number?
False
Is 32475702562 prime?
False
Is 41849051 a prime number?
True
Is 952825019 composite?
True
Is 2116344767 prime?
True
Is 1062800413 prime?
False
Is 49502976137 a composite number?
False
Is 165561889 composite?
True
Is 59277047 a composite number?
False
Is 61553091893 a prime number?
True
Is 43036675889 a composite number?
True
Is 40469226193 a composite number?
True
Is 358752976921 prime?
True
Is 72484509973 composite?
False
Is 500417039 composite?
False
Is 301580681 prime?
True
Is 1824098987 a prime number?
False
Is 2621322877 a prime number?
False
Is 135131681 a prime number?
True
Is 8713619261 compos